d9 (base 16) in base 8?
3572331
Convert 21ac586 (base 13) to base 8.
47337060
Convert -2011224 (base 6) to base 5.
-11014122
-1573123 (base 9) to base 5
-210444102
12420134 (base 5) to base 2
11110000100100001
What is -2121100010 (base 3) in base 13?
-1a454
What is -105574 (base 8) in base 15?
-a8a8
Convert 200333 (base 5) to base 11.
4847
-37eb37 (base 16) to base 7
-43102146
e87b (base 16) to base 3
10000122021
Convert -1342363 (base 8) to base 5.
-44044344
What is b0157b (base 12) in base 3?
12011012011012
aa63b (base 13) to base 10
308644
10101000001010010 (base 2) to base 3
11101002211
-2127154 (base 8) to base 9
-1056385
Convert -4140021 (base 8) to base 10.
-1097745
Convert -212221101102 (base 3) to base 13.
-136634
37556 (base 8) to base 3
211021102
12012122221 (base 3) to base 9
165587
10113323222 (base 4) to base 7
12513602
Convert -10a438 (base 13) to base 3.
-202000110002
Convert 333264 (base 8) to base 13.
3c171
20122110111 (base 3) to base 11
8a325
Convert -131330322 (base 4) to base 3.
-20020021210
Convert 19614d (base 15) to base 16.
12da5c
What is 71467 (base 10) in base 3?
10122000221
Convert -8c3b46 (base 13) to base 8.
-14527360
What is -1110110011100111010001 (base 2) in base 6?
-215105321
What is -8243b3 (base 12) in base 13?
-56548b
10020101120112 (base 3) to base 10
1720130
-2b537c (base 13) to base 12
-436314
What is 13424536 (base 7) in base 8?
4611564
121233201 (base 4) to base 15
21396
What is 753632 (base 9) in base 13?
1293bc
13883 (base 9) to base 16
24ff
What is 222034535 (base 6) in base 15?
5454eb
What is -120021111222200 (base 3) in base 13?
-18b39c1
Convert 303230112 (base 5) to base 14.
23d1a3
Convert -2a444d (base 16) to base 14.
-52168d
Convert 1232001320 (base 4) to base 11.
28866a
-146a978 (base 15) to base 8
-70253223
What is 1464535 (base 9) in base 16?
c5d74
What is 126e16 (base 16) in base 4?
10212320112
Convert -101022200010 (base 3) to base 9.
-338603
-65b409 (base 16) to base 13
-14c4a28
Convert -176214 (base 9) to base 7.
-634213
Convert -1010010100111100110111 (base 2) to base 15.
-38723a
332014 (base 9) to base 15
3db51
Convert 1652400 (base 7) to base 16.
387d2
What is 24622126 (base 8) in base 15?
7296ca
Convert -88107 (base 12) to base 8.
-537227
Convert 942893 (base 11) to base 13.
40c13b
Convert -111000101001000000000 (base 2) to base 5.
-433343000
What is 336274 (base 9) in base 2?
110001001011011001
Convert -11000010111110010110 (base 2) to base 10.
-798614
837620 (base 9) to base 15
9c6dc
What is 690045 (base 11) in base 13?
2c5aa1
What is -44150342 (base 6) in base 7?
-14140415
What is -2071692 (base 10) in base 13?
-576c6c
-1341221 (base 6) to base 15
-17564
What is -12412321 (base 5) in base 15?
-265e1
What is -21aa82 (base 11) in base 6?
-11310345
Convert 5512032 (base 7) to base 3.
1021022110110
-13103213113 (base 4) to base 5
-442242401
Convert -313286 (base 9) to base 12.
-8b873
What is 48876 (base 11) in base 13?
25c9b
What is 263860 (base 11) in base 9?
702213
-2243a14 (base 12) to base 10
-6559216
What is 21120200210 (base 3) in base 14?
3c54b
-4512250 (base 6) to base 2
-110111100000000110
Convert 2210131023 (base 5) to base 10.
4770763
What is 652622 (base 7) in base 10?
113843
What is -2331200033 (base 4) in base 15?
-104ec2
What is -2243541 (base 12) in base 3?
-110100012121111
What is 1001332131 (base 5) in base 4?
13203132003
Convert -1262795 (base 13) to base 5.
-2432341320
Convert 42641630 (base 7) to base 13.
9a60b2
Convert 11111110010001101 (base 2) to base 13.
47347
Convert 24473 (base 13) to base 10.
66680
What is 11095 (base 11) in base 6?
202232
What is -2350421 (base 7) in base 3?
-120010200122
541455 (base 6) to base 7
243422
Convert -a73a (base 12) to base 14.
-6978
Convert 1100000110011101001010 (base 2) to base 15.
429d80
Convert -484a0 (base 13) to base 11.
-9070a
Convert -87341 (base 11) to base 3.
-20110000021
545332 (base 6) to base 9
68082
What is -2160632 (base 7) in base 14?
-6d352
Convert 100000011100 (base 2) to base 6.
13340
What is 202124 (base 9) in base 10?
119659
-42531435 (base 6) to base 3
-2100211012012
Convert ed65 (base 16) to base 8.
166545
Convert -1009119 (base 10) to base 5.
-224242434
-132132012 (base 5) to base 13
-1a2132
Convert 1461402 (base 7) to base 8.
606220
Convert 1022154 (base 8) to base 16.
4246c
What is -125500205 (base 6) in base 11?
-1466107
Convert -153089 (base 10) to base 8.
-453001
What is -335503102 (base 6) in base 15?
-817a02
31401502 (base 7) to base 5
1134443341
Convert -40644502 (base 7) to base 9.
-6361427
126315 (base 14) to base 5
130203402
Convert -2729a9 (base 11) to base 2.
-1101000100110101011
Convert 1011134 (base 6) to base 7.
260413
What is 5907619 (base 10) in base 5?
3003020434
What is 20031140 (base 5) in base 10?
158295
375243 (base 13) to base 12
53aa80
Convert -210000101330 (base 4) to base 15.
-c66822
301b68 (base 13) to base 4
10100331011
What is -10035248 (base 10) in base 16?
-992030
Convert 100301333 (base 4) to base 6.
1250115
-1400122221 (base 5) to base 13
-963432
What is 2333934 (base 12) in base 16?
679078
What is -83a6238 (base 11) in base 16?
-e1fcd0
Convert -1114315 (base 6) to base 16.
-dd87
Convert -2c5c8 (base 14) to base 16.
-1b144
What is -1110023303 (base 4) in base 5?
-42013234
What is -220243 (base 8) in base 4?
-102002203
61ad (base 16) to base 4
12012231
Convert 98b32 (base 12) to base 9.
337162
-751720 (base 10) to base 14
-157d44
What is -564570a (base 11) in base 6?
-551551523
Convert 110012120 (base 4) to base 15.
195d8
110011110001010010100 (base 2) to base 6
100205420
What is 920b8 (base 13) in base 4?
333313122
What is 397721 (base 10) in base 8?
1410631
Convert -2835327 (base 9) to base 15.
-20bd4a
Convert -204233401 (base 5) to base 16.
-d017f
What is 20022221111 (base 3) in base 2?
11110011011001010
Convert 3f4e (base 16) to base 12.
9466
What is 2b8464 (base 12) in base 2?
10110100101110001100
1958d (base 14) to base 3
10021002102
-88437 (base 16) to base 3
-1001100121200
Convert -1979d (base 16) to base 12.
-50479
Convert -44535021 (base 6) to base 9.
-2477144
21001100001 (base 3) to base 14
387d0
What is c9c811 (base 16) in base 2?
110010011100100000010001
Convert a532b (base 13) to base 4.
1020202303
Convert -7c877 (base 13) to base 11.
-146118
-1111110111011110010 (base 2) to base 3
-222102012101
-11012022212121 (base 3) to base 9
-4168777
Convert -10111102201 (base 3) to base 9.
-114381
What is -2312000222 (base 4) in base 15?
-ead5e
What is -9ac7 (base 14) in base 15?
-7e3b
Convert -995818 (base 10) to base 16.
-f31ea
-10524710 (base 8) to base 9
-4242147
-1011133121 (base 4) to base 10
-284633
Convert -140420512 (base 6) to base 15.
-3ae72e
-35986a (base 11) to base 13
-16c217
What is 133a94 (base 11) in base 3?
101200110011
Convert 665133 (base 9) to base 14.
a4b8c
bc324 (base 15) to base 5
123114314
-170164 (base 9) to base 2
-11001101010011011
-247586 (base 10) to base 4
-330130202
What is -32340 (base 5) in base 10?
-2220
What is 782355 (base 11) in base 16?
130952
-12a4b1 (base 14) to base 3
-1012200002010
4512304 (base 8) to base 14
239acc
Convert 112414132 (base 5) to base 16.
7d683
69023 (base 13) to base 10
191168
Convert 560383 (base 9) to base 11.
209701
87852 (base 9) to base 15
1240b
9912 (base 13) to base 12
103b9
Convert 4544261 (base 8) to base 11.
770984
Convert 4576a1 (base 13) to base 9.
3075743
-542645 (base 8) to base 10
-181669
-21000201201 (base 3) to base 12
-68061
What is 768 (base 10) in base 5?
11033
What is 400330530 (base 6) in base 16?
66ef16
Convert -1041134024 (base 5) to base 4.
-20232102230
-1cc39b (base 14) to base 2
-11111100000100010101
-1100111001101101000 (base 2) to base 3
-210110220210
What is -366110 (base 8) in base 15?
-27519
-349a0 (base 11) to base 16
-c50e
-cc694 (base 13) to base 2
-1011010011000110111
Convert 13523240 (base 9) to base 16.
660d2c
Convert 100010101010101010110 (base 2) to base 10.
1135958
-552a2b (base 13) to base 11
-114a753
-4ed93 (base 15) to base 16
-3db8d
Convert 100101211221010 (base 3) to base 5.
2234342030
Convert 11217 (base 11) to base 4.
3331220
What is -4121400 (base 5) in base 15?
-14d35
165263 (base 9) to base 4
120332013
Convert -12102112110 (base 3) to base 8.
-320510
Wh